{"id":255,"date":"2020-09-17T22:05:25","date_gmt":"2020-09-17T20:05:25","guid":{"rendered":"http:\/\/latifatbaili.com\/Hilmioptic\/?post_type=product&#038;p=255"},"modified":"2020-09-17T22:06:02","modified_gmt":"2020-09-17T20:06:02","slug":"montures-en-acetates-avec-clips-solaires-polarises-pour-hommes-6","status":"publish","type":"product","link":"https:\/\/latifatbaili.com\/Hilmioptic\/produit\/montures-en-acetates-avec-clips-solaires-polarises-pour-hommes-6\/","title":{"rendered":"Montures en ac\u00e9tates avec clips solaires polaris\u00e9s pour hommes"},"content":{"rendered":"<p>Montures en ac\u00e9tates avec clips solaires polaris\u00e9s pour hommes<\/p>\n","protected":false},"excerpt":{"rendered":"<p>Montures en ac\u00e9tates avec clips solaires polaris\u00e9s pour hommes<\/p>\n","protected":false},"featured_media":249,"comment_status":"open","ping_status":"closed","template":"","meta":{"spay_email":""},"_links":{"self":[{"href":"https:\/\/latifatbaili.com\/Hilmioptic\/wp-json\/wp\/v2\/product\/255"}],"collection":[{"href":"https:\/\/latifatbaili.com\/Hilmioptic\/wp-json\/wp\/v2\/product"}],"about":[{"href":"https:\/\/latifatbaili.com\/Hilmioptic\/wp-json\/wp\/v2\/types\/product"}],"replies":[{"embeddable":true,"href":"https:\/\/latifatbaili.com\/Hilmioptic\/wp-json\/wp\/v2\/comments?post=255"}],"wp:featuredmedia":[{"embeddable":true,"href":"https:\/\/latifatbaili.com\/Hilmioptic\/wp-json\/wp\/v2\/media\/249"}],"wp:attachment":[{"href":"https:\/\/latifatbaili.com\/Hilmioptic\/wp-json\/wp\/v2\/media?parent=255"}],"curies":[{"name":"wp","href":"https:\/\/api.w.org\/{rel}","templated":true}]}}